nd 7?
7
Let l = -26 - -17. Let a(j) = -279*j + 137*j + 133*j + 8*j**2 + j**3 + 4. Let g be a(l). Calculate the highest common factor of g and 1.
1
Let p = 14 - 21. Let d be ((-18)/(-10))/((-5)/(-25)). Let q = p + d. Calculate the highest common divisor of q and 22.
2
Suppose -5*s - 224 - 56 = 0. Let j be -1 + (-3)/((-12)/s). Let m be (0 - 15)/(j/20). Calculate the highest common divisor of 40 and m.
20
Let h = -104 - 37. Let r be (-6)/9 + h/(-9). Let w = r + -5. What is the highest common divisor of 90 and w?
10
Let m = 8 - -2. Let a = m + -6. Suppose 48 = 2*t - a. Calculate the highest common factor of 65 and t.
13
Suppose 50*o = 5868 + 12282. Calculate the greatest common divisor of 99 and o.
33
Suppose -5*a + 294 = w, 2*w + 196 - 806 = a. Calculate the highest common factor of 19 and w.
19
Suppose 4*y + 2*u - 2978 = 0, 301 + 446 = y + u. What is the greatest common divisor of y and 42?
14
Let p(c) = c**2 + 10*c + 56. Let v be p(-4). Calculate the greatest common divisor of 4 and v.
4
Suppose -2*o - 2*o = 5*c - 52, -5*o + 74 = 4*c. Let v = -8 + o. What is the greatest common divisor of 15 and v?
5
Let c(o) = o**3 - 5*o**2 + 3*o + 4. Let i be c(4). Suppose -6*z + 2*z + 4 = i. Suppose z + 15 = 2*w. What is the greatest common divisor of w and 56?
8
Let d = 810 + -711. Calculate the greatest common divisor of 11 and d.
11
Suppose 5*h = 41 + 234. Let d = h - 54. What is the highest common factor of d and 16?
1
Suppose -b + 5*t - 5 + 8 = 0, -34 = -4*b - 2*t. Let c(v) = 3*v + 20. Let g be c(b). What is the greatest common divisor of 132 and g?
44
Suppose 17*v - 21*v + 777 = -3*i, 0 = 4*i + 4*v + 1064. Let d(o) = -406*o + 1. Let p be d(-1). Let b = p + i. Calculate the highest common factor of 18 and b.
18
Suppose w + 3*w = 88. Suppose -4*a + 0*a + 44 = 2*z, 0 = -z + 5*a + w. Suppose 7*f - 370 = z. What is the greatest common divisor of 7 and f?
7
Suppose l = y - 3, -4*y + l + 7 = -17. Calculate the highest common divisor of 7 and y.
7
Let d = -35 + 39. Suppose 3*i = 2*i - c + 9, 0 = -i - d*c + 24. What is the greatest common divisor of 28 and i?
4
Let b be 168/392 + (-242)/(-7). What is the greatest common divisor of b and 25?
5
Suppose -25*p - 51 = -28*p. What is the greatest common factor of p and 119?
17
Suppose 8*o = o - 245. Let s = 43 + o. Let g = -14 + 46. What is the highest common divisor of s and g?
8
Suppose 153 = 4*m + 3*y - 8*y, -4*y - 20 = 0. Calculate the highest common factor of m and 8.
8
Suppose 0 = -6*z - 370 + 424. What is the greatest common factor of 1557 and z?
9
Let l be ((-168)/(-20))/(8/140). What is the greatest common divisor of l and 21?
21
Let f(o) = o + 10. Let k be f(-8). Suppose 30 - 270 = -k*j. Suppose -195 = -4*x - 3*y + 4*y, 5*y + 15 = 0. What is the highest common divisor of j and x?
24
Let i be (14 - -5) + (-1)/1. Let c be 4/i - 1256/(-18). Calculate the highest common divisor of c and 175.
35
Suppose 8*l - 3*l + 5*i = 135, -i = 4*l - 99. Let m = l + -22. Let h(f) = -f**2 - 6*f + 8. Let t be h(-6). Calculate the highest common divisor of m and t.
2
Let w be (-1 - -4)/(9/(-24)). Let y = w - -15. Let q = -197 + 211. Calculate the greatest common factor of y and q.
7
Let i be (-6)/27 - 65/(-9). Let g = i - 3. Suppose 0*s = -s + g. What is the greatest common factor of 2 and s?
2
Let r(t) = 2 + t + 5*t**2 - 4*t**2 + 10. Let b be r(-16). Let n(m) = 29*m**2 - 2*m + 1. Let a be n(1). Calculate the greatest common divisor of a and b.
28
Let t = -81 + 151. What is the highest common factor of t and 630?
70
Let x be -10 + 7 + (0 - -7). Suppose c + 102 = 2*c + 3*q, 200 = 2*c + x*q. Calculate the highest common divisor of c and 24.
24
Let d be (32/(-12) - -2)*3. Let c be d*(-6 - -3)*2. Calculate the highest common factor of c and 36.
12
Suppose -15*o + 1366 - 286 = 0. Suppose g - 8 = -0*g. Calculate the greatest common divisor of g and o.
8
Suppose 4*q = 8, -5*s - 3*q - 120 = 119. Let b = -29 - s. Suppose 5*x + 4*m = 488, x = -0*x + 5*m + 115. Calculate the highest common divisor of x and b.
20
Let c(o) = 3*o**2 + 8*o + 17. Let i(t) = 7*t**2 + 17*t + 35. Let f(u) = 5*c(u) - 2*i(u). Let v be f(-7). Calculate the greatest common divisor of 11 and v.
11
Let m = -31 + 33. Suppose -3*b = 2 + 4, m*c = 2*b + 94. What is the highest common factor of 15 and c?
15
Let o = -92 + 82. Let w(n) = -9*n - 49. Let x be w(o). Calculate the greatest common divisor of 82 and x.
41
Suppose 0 = 2*m + 4*v - 6, -4*m - 5*v - 3 = -0*m. Let y = 40 + m. Suppose u = -2*k + 10, -5*k + 13 = 4*u - y. What is the greatest common factor of u and 21?
7
Let w be -4*(-3)/12 - (-2)/2. Suppose w*y = 0, 4*n - y - 92 = -4*y. Calculate the greatest common divisor of 207 and n.
23
Let m be 4/(-6)*9/(-6). Let d(s) = 7*s - 12. Let t(w) = -w + 1. Let p(q) = m*d(q) + 5*t(q). Let x be p(5). Calculate the greatest common factor of x and 9.
3
Suppose 346*y + 294 = 352*y. Suppose 2*p = 6*p - 56. What is the highest common divisor of p and y?
7
Suppose 9*n = 2 + 493. Let t be (-2)/2*(2 - 2). Let q be -11*(1 - t - 2). Calculate the greatest common factor of n and q.
11
Let t = 671 - 581. What is the highest common factor of 24 and t?
6
Suppose 58 - 43 = 3*y. Suppose 5*u = 2*q + 46 + 75, 0 = q - 2. What is the greatest common factor of y and u?
5
Suppose 0 = 4*c + 3*r - 267, -3*c - 268 = -7*c - 4*r. What is the highest common divisor of c and 110?
22
Let i be -40*(6/(-15) + -2). Suppose -i = 3*f - 285. What is the greatest common divisor of 7 and f?
7
Suppose 0 = 148*u - 70*u - 22620. What is the highest common divisor of 464 and u?
58
Let x = 135 + -122. What is the highest common divisor of 2 and x?
1
Let g = 22 - 17. Suppose 5*i = -2*z + 6 + 109, g*z = -3*i + 335. What is the greatest common divisor of z and 14?
14
Let y(n) = -2*n - 22. Let o be y(-9). Let m be ((-16)/4)/(o + 3). Let s = 5 + 1. Calculate the greatest common factor of m and s.
2
Let j(c) = 2*c**2 + 28*c - 18. Let q be j(-14). Let a = 8 + -17. Let x = a - q. What is the greatest common divisor of 27 and x?
9
Suppose 15*j - 69 = -39. What is the greatest common factor of j and 4?
2
Let h(x) = x**2 + 1. Let o(f) = -f**2 - 7*f - 8. Let s be o(-6). Let a be h(s). Calculate the highest common divisor of 35 and a.
5
Suppose -627 = -3*g + 3*p, -26*g + 30*g - 3*p - 837 = 0. What is the greatest common factor of 126 and g?
42
Let d be 3*6 - (-1 + -2 + 3). Let n be -1 + ((-6)/27 - (-220)/d). Suppose 4*u - 56 = -12. Calculate the highest common factor of n and u.
11
Let a = 328 - 288. What is the highest common divisor of 16 and a?
8
Let z(r) = 32*r - 62. Suppose 18 = 3*b - 4*o, -b - b + 12 = 4*o. Let c be z(b). Calculate the greatest common divisor of c and 10.
10
Let b be (2 - 2 - 68)*(-8 - -6). Calculate the greatest common factor of 102 and b.
34
Let u be (33/(-22))/((-3)/38). What is the highest common factor of 361 and u?
19
Suppose -5*r - 4*l + 30 = 0, 0*l = 4*l - 20. Suppose 0 = -v - 1, r*s - 7 = 2*v + 3. Calculate the highest common factor of s and 4.
4
Let h be (-18)/27 - (-80)/(-6). Let i be 23/2 + (-7)/h. Calculate the greatest common factor of i and 3.
3
Suppose -16 = -5*r + 9. Suppose 5*a + 125 = r*y, -a + 0*a - 112 = -4*y. What is the highest common divisor of y and 319?
29
Suppose -14*b - 182 = -21*b. Suppose 3*w - r + 4*r - 198 = 0, 0 = -5*w - 2*r + 327. What is the greatest common divisor of b and w?
13
Suppose 23 + 15 = 5*g - 4*p, -16 = -2*g + 2*p. Calculate the greatest common divisor of 294 and g.
6
Suppose -2275 = -12*k + 533. Calculate the greatest common factor of 13 and k.
13
Let r = 38 - 34. Suppose r*h + 8 - 152 = 0. What is the highest common divisor of 54 and h?
18
Suppose 24*a = 37988 + 4252. Calculate the highest common divisor of a and 20.
20
Let i be (-936)/(-3) - (7 + -15)/(-2). What is the highest common factor of i and 196?
28
Let i = -27 + 32. Suppose -12 = -4*q, 6*y - i*q = 3*y + 3. Calculate the highest common factor of 54 and y.
6
Suppose 0 = -q + 3*d - 3, 3*d - 33 = -3*q + 18. Suppose 0 = -3*u - q, n - 8 - 12 = -3*u. What is the greatest common divisor of 128 and n?
32
Let t be ((-90)/(-75))/(1 - 12/15). What is the highest common divisor of t and 6?
6
Let t = -1684 - -1678. Let y(j) = -j**3 - 5*j**2 + 5*j - 4. Let p be y(-6). Let b be (-4 - t) + 15*p. Calculate the highes